f l?
2, 3, 11
Let u = 6882 + -610. List the prime factors of u.
2, 7
Suppose 0 = m - 3*x - 877, -m + 3*x + x = -877. List the prime factors of m.
877
Let y(k) = -2*k. Let b be y(3). Let q = -80 + 120. List the prime factors of (q/6)/(b/(-9)).
2, 5
Let s be 15 - 0 - 1/(-1). Let b(n) = n**3 - 9*n + 14. Let x be b(3). Suppose x*z = s*z - 14. List the prime factors of z.
7
Let i(o) be the third derivative of -7/6*o**3 - 3*o**2 - 7/12*o**4 + 0 + 0*o. What are the prime factors of i(-3)?
5, 7
Let c = 3308 - 2354. List the prime factors of c.
2, 3, 53
Suppose -3*o = -4*x + 6*x - 598, -2*x - 382 = -2*o. List the prime factors of o.
2, 7
Suppose 148299 = 72*y - 11541. What are the prime factors of y?
2, 3, 5, 37
Let a be (0 + 2 + -1)*(-2 + -57). Let i = a + 108. List the prime factors of i.
7
Let b be 24 + 3 + 5 + -4. Suppose 4*s - 2*s + 4*i = b, -8 = 3*s - 4*i. Suppose s*a - 22 = -2*c, 5*a + 11 = -3*c + 40. What are the prime factors of c?
3
Let c = -29 - -37. Suppose 0 = h - c + 6. Suppose h*g - 3*g = 0, 3*d + 5*g - 147 = 0. What are the prime factors of d?
7
Suppose -4*v = v. Let j be 4 + -3 + 29 + v. Suppose j = t + 4*t. List the prime factors of t.
2, 3
Let y(f) = -f**3 - 4*f**2 - 4*f. Let s be y(-3). Let v = s - 3. Suppose b + 2*b = 4*d - 41, 4*d + 2*b - 66 = v. List the prime factors of d.
2, 7
Let i be 2/(-12) + 13/78. Suppose i*w + 58 = w. List the prime factors of w.
2, 29
Let l(t) = -t**2 - 16*t - 12. List the prime factors of l(-14).
2
Let x be 5 - 8 - 5/(-1). Suppose x*t = -5*p + 17, -3*t - p = 1 - 7. What are the prime factors of ((-16)/40)/(t/(-50))?
2, 5
Let w(t) = -7*t**2 - 5*t - 40. Let r(j) = 20*j**2 + 14*j + 120. Let a(v) = -6*r(v) - 17*w(v). Let s be a(0). List the prime factors of s/(-3) - (-4)/6.
2, 7
Let k = -10 + 4. List the prime factors of 1 + 75/(-6)*k.
2, 19
Let f(x) = -8*x - 9. Let j be f(5). Let i = j - -103. What are the prime factors of i?
2, 3
Let u = 5350 + -3670. What are the prime factors of u?
2, 3, 5, 7
Let l be 2/15 + ((-56)/(-30) - -3). Suppose -l*s = 4*z - 124 - 467, -s + z = -120. List the prime factors of s.
7, 17
Suppose 0 = 10*a - 16*a + 210. Let q = a + -18. What are the prime factors of q?
17
Let b be 1/2*(-6 + 10). Suppose -d + 0*d + f = -123, 231 = b*d - 5*f. What are the prime factors of d?
2
Let a = 153 + 197. What are the prime factors of a?
2, 5, 7
Let x be ((-4)/((-4)/(-9)))/(3/(-4)). Let s be 1 + ((-24)/(-1))/2. Suppose 2*l + x = -z - l, z - s = 2*l. What are the prime factors of z?
3
Let h be (-35)/(-2) - 9/(-18). What are the prime factors of 368/6 + h/27?
2, 31
Let m be -2 - (0 - -3) - -13. Suppose -240 = -2*c - m. What are the prime factors of c?
2, 29
Let q(c) = 30*c**2 + c + 2. Let x be q(-1). Let w = x + 125. What are the prime factors of w?
2, 3, 13
Let m(a) = 12*a**2 + 4*a + 38. Let r(c) = 4*c**2 + c + 13. Let s(u) = -3*u + 10. Let o be s(8). Let y(w) = o*r(w) + 5*m(w). What are the prime factors of y(-4)?
2, 3
Let v(b) = -b**3 - 10*b**2 - 7*b + 1. Let n be v(-9). Let y be (n/2)/((-2)/4). Let l = -15 + y. What are the prime factors of l?
2
List the prime factors of (179 - 0)*(44 - 40).
2, 179
Let w(c) = c**3 - 6*c**2 - c + 13. Let l(g) be the first derivative of 3*g**2 - 6*g - 6. Let p be l(2). List the prime factors of w(p).
7
Let g(a) = -123*a - 193. What are the prime factors of g(-12)?
1283
Let q(h) = -h**3 - 4*h**2 + 7*h + 11. Let w(z) = -z**3 - 3*z**2 + 7*z + 11. Let i(d) = 5*q(d) - 4*w(d). List the prime factors of i(-9).
29
Let w(r) = 6*r**2 + 2*r + 2*r**2 - r**2 - 27 - 3*r**2. Let m(u) = 5*u**2 + 3*u - 26. Let f(t) = 3*m(t) - 4*w(t). What are the prime factors of f(0)?
2, 3, 5
Suppose -11*n - 5*q + 2219 = -8*n, 4*n - 2953 = -q. List the prime factors of n.
2, 3, 41
Let m = 38 + 6. Suppose -m = -2*p + 2*d + 102, -p + 2*d = -78. List the prime factors of p.
2, 17
Suppose 0 = 22*c - 18*c - 12. Suppose t - 2*l = -c*t + 1086, t + 5*l = 299. What are the prime factors of t?
2, 137
Suppose 7*u = 12 + 9. Suppose -4*s + 718 = u*d - 27, 2*s + d - 375 = 0. What are the prime factors of s?
2, 5, 19
Let a = 49 - 35. What are the prime factors of 33/44 + a/(-8) - -12?
11
Let i(n) = 82*n**2 + n + 13. List the prime factors of i(-4).
1321
Suppose 606 + 242 = 8*a. What are the prime factors of a?
2, 53
Let t(n) = n - 4. Let s be t(6). Let u(z) = -z**2 + 2*z**2 + 0*z**2 + 2*z**2 + s - 5*z. What are the prime factors of u(3)?
2, 7
Suppose u + 11 = -13. Let s = -22 - u. Suppose d - 82 = -3*w + s*d, -3*w + 107 = 4*d. List the prime factors of w.
29
Let h(f) = -16*f**2 + 6*f + 9. Let v(j) = 16*j**2 - 5*j - 8. Let o(r) = 5*h(r) + 6*v(r). What are the prime factors of o(2)?
61
Suppose -5*l = -35*s + 33*s + 5440, -6 = -3*l. List the prime factors of s.
5, 109
Let n = 73 - 71. Suppose -n*i - 3*m = 3*i - 322, 4*m - 78 = -i. List the prime factors of i.
2, 31
Suppose b + 48*b = 147441. List the prime factors of b.
3, 17, 59
Let a(v) = -25*v - 16 - 13*v + 24*v. List the prime factors of a(-11).
2, 3, 23
Let o = 11765 + -7838. What are the prime factors of o?
3, 7, 11, 17
Let p be (-56)/(-6) - (2 - (-32)/(-12)). Suppose 0 = -0*h - 4*h. Suppose -4*v + 2*v + p = h. What are the prime factors of v?
5
Suppose -w + 2 = -0. Suppose 5*b + w*j = 11, -2*b = -5*j + 17 - 4. Suppose b = -z + 3*r + 2*r, 5*z = -2*r + 76. List the prime factors of z.
2, 7
Suppose -8*r + 847 = -1433. List the prime factors of r.
3, 5, 19
Let m(o) = 22*o - 266. List the prime factors of m(19).
2, 19
Let m(n) = -4*n**2 + 1. Let l be m(-1). Let y be 1/((-2)/144*l). Let h = 40 - y. List the prime factors of h.
2
Suppose -50 = -5*s + 4*y - 229, -5*y = 20. Let j = -64 - s. Let f = 35 + j. List the prime factors of f.
2, 5
Suppose k = -1 + 6. Suppose -2*a - 2*u + 56 = 0, -4*a - 4*u + 137 = -k*u. What are the prime factors of a?
3, 11
Let f(t) = -t**3 + 8*t**2 + t - 2. Let r be f(8). Suppose 0 = -2*o - 0*o + r. What are the prime factors of o/1 - (-2 + 1)?
2
Let j(w) = 6*w**2 - w + 2. Let r be j(0). Suppose r*b - 6*b = -568. What are the prime factors of b?
2, 71
Let j be 7/(-4) - 2/8. Let a(i) be the second derivative of 4*i**4/3 + i**3/6 + 2*i**2 + 49*i. What are the prime factors of a(j)?
2, 3, 11
Let d be 27 - 9*(-1)/(-3). Let h = -18 + d. Suppose h*i = 45 + 21. List the prime factors of i.
11
Suppose -j - 1282 = -5*n, -2*n + 127 = 3*j - 396. What are the prime factors of n?
257
Suppose 73*h - 7062 = 62*h. List the prime factors of h.
2, 3, 107
Let x = 9557 - 6403. List the prime factors of x.
2, 19, 83
Suppose -5*h = -x - 4016, 0 = -4*h - 5*x + 2235 + 972. What are the prime factors of h?
11, 73
Let n = 37 + -32. Suppose 0 = 4*d - 2*a + 144 - 392, -n*d + 308 = -2*a. List the prime factors of d.
2, 3, 5
Let r be ((3 + -3)/(1 + -2))/(-2). Suppose r = -k + 5*k - 264. What are the prime factors of k?
2, 3, 11
Let a be 3/(-7) - (-384)/112. Let p be (-842)/(-10) - (-2)/(-10). Suppose a*v = 7*v - p. List the prime factors of v.
3, 7
Let h be 1*(-13 + 3) + 2. Let p be (5/(-4))/(h/288). Suppose -9 = -2*w + p. What are the prime factors of w?
3
Let v(z) = z**2 - 7*z + 2. Let h be v(9). Suppose 0 = -b - 3*g + 1 + 3, -5*g = h. List the prime factors of b.
2
Let d(v) be the second derivative of -11*v**3/3 + 13*v**2/2 + 10*v. Let p be d(3). Let o = 1 - p. What are the prime factors of o?
2, 3
Suppose 91*t - 103*t + 17940 = 0. List the prime factors of t.
5, 13, 23
Suppose -5*k + 2*k - 2*j + 5 = 0, -3*k + 3*j = 0. Let s(w) = 57*w**2 + 2*w - 1. List the prime factors of s(k).
2, 29
Let z(p) = 3*p**2 + 3*p - 20. Let h be z(6). List the prime factors of (-2)/3 - h/(-6).
17
Suppose -2*v + 5*v = 0. Let k(o) = -9*o - 36. Let l be k(-12). Suppose v = -b - b + l. List the prime factors of b.
2, 3
Let p(n) = -2*n**2 + 7*n + 1. Let l be p(3). Suppose l*q - 3*r - 33 = 0, -q - 4*r + 49 = 4*q. Suppose 4*c + 285 = q*c. List the prime factors of c.
3, 19
Let x = -49 - -54. Suppose -x*c + 1050 = c. List the prime factors of c.
5, 7
Let j(n) = n**2 + 12*n - 3. Let t be j(-9). Let p = t + 37. Suppose -f - p = -45. What are the prime factors of f?
2, 19
Let d be -27*((-5)/(-15))/1. Let q(i) = 3*i**2 + 9*i - 16. What are the prime factors of q(d)?
2, 73
Let h = 5 + -5. Suppose h*r - 23 = 4*n - 3*r, -3*n = -3*r + 18. Let d(c) = c**2 + c - 5. What are the prime factors of d(n